
10
Let d be (-9)/(-5)*(-120)/(-12). Let v be (6 - -3)*(-8)/(-6). What is the greatest common factor of d and v?
6
Suppose 0*h + 33 = 3*h. Let p(i) = -3*i + 35. Let s be p(h). Let b be (-2)/7 + 32/14. What is the greatest common divisor of b and s?
2
Suppose 65*c - 2462 - 2218 = 0. Suppose 6*b - 4*b - 36 = 0. Calculate the highest common divisor of b and c.
18
Let z = 1340 + -1334. Let h = -7 + 31. Calculate the highest common divisor of z and h.
6
Let u = 11 - 0. Let j be (u + -3)/(-2) + 2. Let l = j + 14. What is the greatest common factor of 72 and l?
12
Let f be (2 - -1)/((-15)/(-10)). Let o be (f + 8)*(4 + 0). Let d = -10 + o. What is the highest common factor of 6 and d?
6
Let s be (-2)/(-3) - (-1680)/315. Let h = 13 + -7. Calculate the greatest common factor of h and s.
6
Suppose -3 = -r - 2*g, -5*r - 2*g = -10 - 5. Suppose 0 = -2*d - 4*a + 38, -5 = 40*d - 41*d + 5*a. What is the highest common divisor of r and d?
3
Let p(j) = -j**3 - 10*j**2 - j - 10. Let u be p(-10). Suppose -g = 5*t + 194, 4*g + u = -16. Let f = t - -80. What is the greatest common factor of 21 and f?
21
Let t(l) = 6*l**2 + 6*l - 10. Let o be t(-5). Suppose z - o = -6. Calculate the highest common divisor of z and 26.
26
Suppose 4*q - 58 = 2*w - 0*w, 5*q + 2*w - 77 = 0. Let v = q - 2. Calculate the greatest common divisor of v and 104.
13
Suppose 11*q - 16*q + 87 = j, -57 = -4*q - 5*j. What is the greatest common divisor of 2736 and q?
18
Suppose 2*n = 0, 163*b - 165*b - 3*n = -14. What is the highest common factor of b and 154?
7
Let r(y) = 2*y**2 - 4*y - 10. Let m be r(5). Suppose -2*k + 39 = 3*z, 5*z - 2*z + 3*k = 36. Let s = z + 25. What is the highest common factor of m and s?
20
Suppose -20*g - 17 = -x - 16*g, -4*g - 8 = 0. Calculate the highest common factor of 1125 and x.
9
Let n = -3 + 5. Suppose 2*l + 1 = 5. Suppose -l*d = n*d - 52. Calculate the greatest common factor of d and 143.
13
Let q(i) = i**2 - 4*i - 3 + 7 + 15*i. Let v be q(-11). Let m be (-3*v)/((-8)/8). Calculate the greatest common divisor of 12 and m.
12
Let o = -95 + 167. Calculate the greatest common divisor of 162 and o.
18
Suppose 5*f = 1137 + 483. Suppose -24 = 5*w - f. Suppose 0 = -v + 6*v - w. Calculate the highest common divisor of v and 24.
12
Suppose 2*z + 4*b - 481 = z, 2*z - 3*b = 1006. Calculate the greatest common factor of z and 7.
7
Let r be (-2)/(-4) - (-74)/4. Let o be 369/(-6)*(-28)/(-21). Let p = -63 - o. Calculate the greatest common factor of p and r.
19
Suppose -49*f + 59*f - 320 = 0. What is the greatest common divisor of f and 392?
8
Let h = -13 - -90. Suppose 4*z = 3*q + h + 19, 5*z - 3*q - 123 = 0. Suppose 39 = -w + 42. What is the greatest common divisor of z and w?
3
Let o = -1348 - -1458. Calculate the greatest common factor of o and 55.
55
Let s(y) = y**3 + y + 16. Suppose -15*g - 8 = -16*g. Suppose 0*u = 4*u - g, 4 = -2*t + 2*u. Let b be s(t). What is the greatest common divisor of 112 and b?
16
Let r be 209/(-33) - 1/(-3). Let y be (0 - -1*1) + -19. Let l = r - y. Calculate the highest common divisor of l and 96.
12
Let t = -978 - -983. Let l(b) be the first derivative of 10*b**3/3 + 1. Let a be l(2). Calculate the highest common divisor of t and a.
5
Let q be 8/(-44) + (-86)/11. Suppose 4*a + 9*i + 134 = 7*i, -5*a - 175 = 5*i. Let p be q/a - 87/(-4). What is the greatest common divisor of 11 and p?
11
Suppose -4*v + 5*c = -507, 0 = 4*v + c - 389 - 148. Let p = 135 - 74. Suppose -251 + p = -10*h. What is the highest common factor of h and v?
19
Suppose 4*f = -0*f - 88. Let b = 11 - f. Calculate the greatest common divisor of b and 11.
11
Let s(h) = -10*h + 17. Let q = -56 - -52. Let y be s(q). Calculate the highest common factor of 114 and y.
57
Let h = 116 + 17. Suppose f + z = 21, -97 = f - 6*f - z. What is the greatest common divisor of f and h?
19
Suppose -3*b - 18 = 3*b. Let q be (-1 - b)*135/5. What is the greatest common factor of q and 18?
18
Suppose 47 = 13*j - 109. What is the highest common factor of j and 876?
12
Let l(j) = j - 6. Let m be l(8). Suppose 4*i - 60 = -m*i. Suppose -7 = 4*r - 27. What is the highest common factor of r and i?
5
Let q = -72 + 90. Let d(v) = v**2 + 8*v + 3. Let h be d(-8). Suppose 0 = h*y - y - 54. Calculate the greatest common factor of y and q.
9
Suppose 0 = -4*h - h + 1050. Let l be 4 + h/(-55) + 603/11. What is the greatest common factor of l and 11?
11
Suppose 18 = -2*b - 8. Let v = b + 17. Suppose -v*i + i = 5*a - 23, -a + 19 = 3*i. Calculate the greatest common factor of 60 and i.
6
Let s(p) = 2*p**2 - 2*p - 1. Let a be s(-1). Suppose 7*c + v = 2*c + 125, 3*c - a*v = 57. Let i = 160 - c. What is the greatest common divisor of i and 17?
17
Let l be -1*2 + (51220/13)/10. What is the highest common factor of 98 and l?
98
Suppose 10 = 6*p - p. Suppose -p*t = -0*t + 12. Let i = 21 + t. Calculate the highest common divisor of i and 3.
3
Suppose -6*k + 2*k + 20 = 0. Suppose -k*i - 4*p + 47 = 0, -4*p + 2 + 17 = i. Let u be (-49)/(-14)*20/i. Calculate the greatest common factor of u and 5.
5
Suppose 4*a + 0*s = -3*s + 123, -4*a - 2*s = -118. Let i = -146 - 162. Let k = i - -605. Calculate the highest common factor of a and k.
27
Let m = 41 + -21. Let v be 508/24 + 3/(-18). Suppose -11 + v = 2*n. Calculate the highest common divisor of m and n.
5
Suppose -4*n = -c - 125, 4*n - 4*c - 88 - 28 = 0. Let w = -22 + 30. What is the highest common divisor of w and n?
8
Let v be 4/(-3) + 924/99. Let h(r) = 8*r**3 - r**2 - 3*r + 2. Let d be h(2). Calculate the highest common divisor of d and v.
8
Let d = -44 + 60. Let v(k) = k**2 + 10*k + 9. Let y be v(-17). What is the greatest common factor of d and y?
16
Suppose 7*x + 396 = 3*b + 2*x, 0 = 2*b + 2*x - 264. What is the highest common factor of 594 and b?
66
Suppose -1214*l + 1207*l + 21 = 0. Let a = -17 - -32. What is the greatest common factor of l and a?
3
Let h = -7 - -11. Let c be h*1/(-6)*3. Let a be 7 - (2 + c + -1). Calculate the greatest common factor of 20 and a.
4
Let c(u) = 19*u + 21. Let p be c(7). What is the highest common factor of p and 66?
22
Let v(y) = y**3 + 16*y**2 + 49*y + 25. Let f be v(-11). What is the greatest common divisor of 650 and f?
13
Let c = -67 - -160. Suppose 3*j + p + 2*p = c, -125 = -5*j + p. Calculate the greatest common factor of 65 and j.
13
Suppose 0 = 1416*v - 1409*v - 273. What is the highest common factor of v and 507?
39
Let k(i) be the first derivative of -i**3/3 - i**2/2 + 9*i - 4. Let w be k(0). What is the highest common factor of w and 9?
9
Suppose -2*i - 152 = -3*d, 4*d - 142 - 54 = -4*i. Suppose 63 + 46 = 4*a + 3*o, 0 = a - 4*o - 13. What is the highest common factor of a and d?
25
Suppose -2*v = -3*v. Suppose 5*i + 4*z = 17, -3*i - 4*z = -v - 15. Let j be 1 + (-1)/i + 3. What is the highest common factor of 15 and j?
3
Let t(u) = -4*u + 1. Let z be t(2). Let d be z/7*(-3)/((-3)/(-26)). Calculate the highest common factor of d and 65.
13
Let l(v) = 43*v**2 - 12*v. Let c be l(3). Calculate the highest common divisor of 324 and c.
27
Suppose 0 = 5*j - 0*i - 4*i - 3093, 0 = -j + 4*i + 609. Calculate the highest common factor of 46 and j.
23
Let x be -6*-1*20/12. Suppose 4*k - 43 = j, -k - 2*j - 2*j - 2 = 0. What is the highest common factor of x and k?
10
Let w be 485/21 + 2 + 572/(-273). What is the highest common divisor of 92 and w?
23
Let r = -41 - -529. Calculate the greatest common divisor of r and 183.
61
Let v = 40 + -36. Suppose 5*m = -3*o + v*o - 18, 4*o = 5*m - 3. Let u be (30/o)/((-9)/42). Calculate the greatest common divisor of u and 8.
4
Let s = -36 - -54. Let j(f) = 10 - 7 - 5 + f + s. Let g be j(-13). Calculate the greatest common factor of g and 15.
3
Let f = 171 + -167. Suppose g - 3 = 3*l - 9, -11 = g - 4*l. Suppose f*t = t + g. What is the highest common divisor of 33 and t?
3
Suppose -8*d + 9*d = 10. Let b(z) = z - 4. Let r be b(d). What is the greatest common factor of r and 12?
6
Suppose -2*c + r = -97, -3*c + 4*c + 3*r - 45 = 0. Let v = c + -38. What is the greatest common factor of v and 70?
10
Suppose -4*k + 35 = 3*k. Let o(l) = l**2 + 8*l - 10. Let h be o(k). Calculate the highest common factor of h and 11.
11
Suppose 4*v = -4*v + 48. Calculate the highest common divisor of 21 and v.
3
Let m be 0 - (0 + 